sands digit of 4094101?
0
What is the tens digit of 24098?
9
What is the thousands digit of 4983550?
3
What is the thousands digit of 515112?
5
What is the hundred thousands digit of 2049719?
0
What is the ten thousands digit of 301507?
0
What is the hundred thousands digit of 5600321?
6
What is the tens digit of 111477?
7
What is the hundreds digit of 954510?
5
What is the millions digit of 4591614?
4
What is the units digit of 26125084?
4
What is the hundred thousands digit of 624274?
6
What is the hundred thousands digit of 1575199?
5
What is the hundreds digit of 16600539?
5
What is the units digit of 342317?
7
What is the units digit of 51846?
6
What is the tens digit of 105667?
6
What is the hundreds digit of 6397240?
2
What is the hundreds digit of 1563566?
5
What is the hundreds digit of 2981169?
1
What is the hundred thousands digit of 218711?
2
What is the hundred thousands digit of 6670183?
6
What is the tens digit of 911286?
8
What is the thousands digit of 2510798?
0
What is the millions digit of 7044820?
7
What is the hundreds digit of 164505?
5
What is the tens digit of 3329492?
9
What is the tens digit of 2251130?
3
What is the ten thousands digit of 304297?
0
What is the thousands digit of 145574?
5
What is the units digit of 5732329?
9
What is the units digit of 627271?
1
What is the hundred thousands digit of 1122701?
1
What is the thousands digit of 815905?
5
What is the units digit of 240348?
8
What is the thousands digit of 35035805?
5
What is the hundred thousands digit of 672831?
6
What is the ten thousands digit of 1518539?
1
What is the ten thousands digit of 66082?
6
What is the hundreds digit of 643879?
8
What is the ten thousands digit of 2534171?
3
What is the tens digit of 1104809?
0
What is the hundred thousands digit of 19370529?
3
What is the ten thousands digit of 6574983?
7
What is the hundred thousands digit of 12350422?
3
What is the tens digit of 3804847?
4
What is the ten thousands digit of 23135744?
3
What is the hundreds digit of 347254?
2
What is the tens digit of 625994?
9
What is the millions digit of 4271959?
4
What is the units digit of 41193?
3
What is the ten thousands digit of 517990?
1
What is the ten millions digit of 26856557?
2
What is the hundred thousands digit of 6543909?
5
What is the thousands digit of 1490983?
0
What is the hundred thousands digit of 2682695?
6
What is the units digit of 167838?
8
What is the units digit of 1439247?
7
What is the hundred thousands digit of 3618012?
6
What is the ten thousands digit of 2226848?
2
What is the tens digit of 635308?
0
What is the units digit of 1534318?
8
What is the thousands digit of 473029?
3
What is the tens digit of 43684?
8
What is the thousands digit of 4787468?
7
What is the hundreds digit of 6948468?
4
What is the units digit of 202123?
3
What is the hundred thousands digit of 2409299?
4
What is the millions digit of 3135539?
3
What is the thousands digit of 1310994?
0
What is the thousands digit of 100188?
0
What is the hundred thousands digit of 593386?
5
What is the ten thousands digit of 224125?
2
What is the ten millions digit of 35733226?
3
What is the hundred thousands digit of 260706?
2
What is the millions digit of 6423777?
6
What is the tens digit of 1001100?
0
What is the hundred thousands digit of 40522190?
5
What is the thousands digit of 1243365?
3
What is the ten thousands digit of 19816464?
1
What is the hundred thousands digit of 279771?
2
What is the ten thousands digit of 1529494?
2
What is the tens digit of 6203561?
6
What is the thousands digit of 227273?
7
What is the hundreds digit of 745953?
9
What is the units digit of 15167993?
3
What is the hundreds digit of 39768?
7
What is the tens digit of 15338?
3
What is the units digit of 1424894?
4
What is the hundred thousands digit of 147152?
1
What is the hundreds digit of 542341?
3
What is the ten millions digit of 11452879?
1
What is the thousands digit of 67752?
7
What is the units digit of 639186?
6
What is the ten thousands digit of 2443258?
4
What is the hundreds digit of 3991308?
3
What is the hundred thousands digit of 294993?
2
What is the units digit of 269189?
9
What is the hundred thousands digit of 357999?
3
What is the ten millions digit of 11207147?
1
What is the units digit of 438492?
2
What is the tens digit of 4978338?
3
What is the hundreds digit of 15963?
9
What is the tens digit of 260340?
4
What is the tens digit of 5294725?
2
What is the units digit of 67857?
7
What is the units digit of 653644?
4
What is the hundred thousands digit of 207570?
2
What is the thousands digit of 227247?
7
What is the tens digit of 487814?
1
What is the units digit of 758357?
7
What is the hundreds digit of 4080177?
1
What is the thousands digit of 763090?
3
What is the hundred thousands digit of 533699?
5
What is the hundred thousands digit of 253476?
2
What is the ten thousands digit of 2202481?
0
What is the units digit of 5524922?
2
What is the hundreds digit of 291532?
5
What is the millions digit of 6737512?
6
What is the units digit of 14306435?
5
What is the ten thousands digit of 767589?
6
What is the millions digit of 4241018?
4
What is the thousands digit of 17043014?
3
What is the hundreds digit of 454246?
2
What is the hundreds digit of 9092296?
2
What is the thousands digit of 2021796?
1
What is the hundred thousands digit of 133529?
1
What is the tens digit of 77265?
6
What is the thousands digit of 620062?
0
What is the hundreds digit of 18071059?
0
What is the tens digit of 9766499?
9
What is the millions digit of 1030124?
1
What is the tens digit of 5035777?
7
What is the thousands digit of 1964162?
4
What is the millions digit of 5319334?
5
What is the units digit of 16784?
4
What is the hundred thousands digit of 838314?
8
What is the hundreds digit of 3544778?
7
What is the hundreds digit of 179497?
4
What is the units digit of 3009856?
6
What is the thousands digit of 10123203?
3
What is the thousands digit of 620776?
0
What is the hundreds digit of 852088?
0
What is the ten thousands digit of 242191?
4
What is the hundreds digit of 5800327?
3
What is the units digit of 1194387?
7
What is the units digit of 21619146?
6
What is the tens digit of 388430?
3
What is the ten thousands digit of 248622?
4
What is the units digit of 226912?
2
What is the hundreds digit of 230680?
6
What is the ten thousands digit of 2069902?
6
What is the units digit of 9279067?
7
What is the thousands digit of 25518157?
8
What is the ten thousands digit of 5778001?
7
What is the ten millions digit of 34730163?
3
What is the units digit of 30975240?
0
What is the thousands digit of 16222504?
2
What is the hundreds digit of 769430?
4
What is the ten thousands digit of 284362?
8
What is the ten thousands digit of 491306?
9
What is the millions digit of 4343379?
4
What is the thousands digit of 4189090?
9
What is the units digit of 185827?
7
What is the tens digit of 5111080?
8
What is the units digit of 9701574?
4
What is the hundred thousands digit of 932331?
9
What is the units digit of 9128438?
8
What is the hundreds digit of 56219?
2
What is the units digit of 15728111?
1
What is the ten thousands digit of 907851?
0
What is the hundred thousands digit of 297425?
2
What is the hundred thousands digit of 6010326?
0
What is the millions digit of 2334335?
2
What is the units digit of 10974796?
6
What is the hundreds digit of 581997?
9
What is the hundred thousands digit of 1162424?
1
What is the ten thousands digit of 192683?
9
What is the units digit of 10758158?
8
What is the ten thousands digit of 11702816?
0
What is the ten thousands digit of 5717872?
1
What is the ten thousands digit of 1048795?
4
What is the tens digit of 24334896?
9
What is the hundred thousands digit of 420155?
4
What is the units digit of 288425?
5
What is the thousands digit of 1753715?
3
What is the hundred thousands digit of 177191?
1
What is the tens digit of 1507061?
6
What is the hundreds digit of 5885598?
5
What is the tens digit of 41156?
5
What is the hundreds digit of 838567?
5
What is the tens digit of 18911609?
0
What is the units digit of 225678?
8
What is the thousands digit of 243222?
3
What is the tens digit of 262980?
8
What is the tens digit of 2452213?
1
What is t